13
Let w(q) = -q**2 + 72*q + 308. Let g be w(76). Calculate the greatest common divisor of g and 15616.
4
Let n(x) = -3*x**3 + 9*x**2 + x - 7. Let t be n(-6). Let o be (1/(-15))/((-481)/50505). What is the greatest common divisor of o and t?
7
Suppose 5*i - 603 = 197. Let c = 6150 - 6140. Calculate the highest common divisor of c and i.
10
Let a = -67 + 81. Let x be ((-18)/a)/(41/(-287)). What is the highest common divisor of 423 and x?
9
Let b be (208/39)/((-2)/12*-4). Let n(k) = 6*k**2 - 41*k - 8. Let x be n(b). Calculate the highest common divisor of 128 and x.
16
Suppose -52 = 5*u - 37. Let d be ((-2)/u)/((-20)/(-450)). Let y = 113 + -98. Calculate the greatest common factor of d and y.
15
Let f(p) = 8*p**3 - 10*p**2 - 5*p + 6. Let b be f(2). What is the greatest common divisor of 178 and b?
2
Suppose 193*a = 10*a - 53*a + 19824. Calculate the greatest common factor of a and 3668.
28
Let r = 26 - 53. Let h = r - -25. Let f(b) = -b**3 + 3*b**2 - 3*b - 7. Let j be f(h). Calculate the highest common divisor of 76 and j.
19
Let l = 3735 - 3150. Suppose 4*s = r - 5*r + 928, -3*r = -4*s + 942. Calculate the highest common divisor of l and s.
117
Let x be ((-660)/16)/(123/(-656)). Calculate the greatest common divisor of x and 121.
11
Suppose 4*z = -f - 6, f - 3*z = -f + 10. Suppose -97 - 143 = f*o. Let v be (4/12)/((-2)/o). What is the highest common factor of v and 5?
5
Let o = 319 + -315. Suppose o*v - 15*v = -11. Calculate the highest common divisor of v and 13.
1
Let v be (1 + 0)*6*(-3)/(-2). Let d = -494 + 593. What is the greatest common divisor of d and v?
9
Let t = -61 + 43. Suppose 53*f = 52*f - 5*y - 18, -4*f - 102 = -10*y. Let j = t - f. What is the greatest common divisor of j and 65?
5
Suppose 7183 = -8*a + 18585 + 11614. What is the greatest common factor of 21 and a?
21
Suppose -114668 = -40*x + 102292. What is the greatest common factor of x and 192?
48
Let i be (-3 - -4)/(5/170). Let x(p) = -2*p - 26. Let t be x(-16). Suppose 34 = -5*r + t*r. Calculate the greatest common divisor of r and i.
34
Let r be 5/(-1*(-1)/8). Suppose 0 = 3*n - n - r. Suppose -10*x = 73175 - 75375. Calculate the highest common divisor of x and n.
20
Suppose 8*r - 35 = r. Suppose 18 = x + 2*h + 1, -3*x = 2*h - 47. Let u = r + x. What is the highest common divisor of u and 20?
20
Let a = 50 + 120. Suppose -58*d - 150 - 280 = -1010. What is the highest common divisor of a and d?
10
Suppose 109*b - 2689 = 1064639. Calculate the greatest common factor of 153 and b.
153
Let h(r) = -14*r - 9*r**2 - 21 - 12*r**2 - 11*r**2 + 30*r**2. Let v be h(-4). What is the highest common divisor of 48 and v?
3
Suppose 12 = -3*a, -5*l - 5*a + 2*a + 48 = 0. Calculate the greatest common divisor of l and 756.
12
Suppose 272962 = 43*y - 10*y - 99278. Calculate the highest common divisor of y and 12.
12
Suppose -612*m - 322 = -u - 617*m, 5*u - 1726 = 4*m. Let q be (-200)/(-11) + 6/(-33). Calculate the highest common factor of q and u.
18
Let s(c) = 2*c**3 - 37*c**2 - 18*c - 13. Let t be s(19). Suppose -34 - 422 = -t*l. Calculate the greatest common factor of 114 and l.
38
Suppose -535080 = -33*y - 3*y - 34*y. Calculate the highest common divisor of 168 and y.
84
Let n(u) = -6*u**2 - 2*u + 2. Let q be n(-3). Let g = 56 + q. Suppose 9*j + 22 = g*j. Calculate the highest common factor of j and 22.
22
Let h be 1 - 0 - (-10 - -10). Let l = 9 + h. Suppose 3*b = -5*s + 25, b - 1 = -4*s + 19. Calculate the greatest common divisor of s and l.
5
Let y(u) = -u - 3. Let j be y(4). Let q(i) be the second derivative of -2*i**3 - 18*i**2 + 41*i. Let h be q(j). Calculate the greatest common factor of h and 3.
3
Let s(m) = -18*m - 135. Let g be s(-8). Suppose 4*t - 12 = 0, 3*h + 5*t - 24 = 2*h. Calculate the greatest common divisor of g and h.
9
Let t(g) = -5*g + 100. Let f be t(20). Suppose -59*u + 7437 + 19113 = f. What is the highest common divisor of 100 and u?
50
Let x(h) = -7*h**3 + 11*h**2 + 102*h + 90. Let s be x(-5). What is the highest common factor of s and 45?
5
Let w = 7577 - 7523. Suppose -7*t + 405 = -2*t. What is the greatest common divisor of w and t?
27
Let a(p) = -p**3 - 25*p**2 + 51*p - 47. Let d be a(-27). Let c = -303 - -575. Calculate the highest common divisor of d and c.
34
Let a(j) = j**2 - j + 7. Let c be a(6). Suppose l + 0*l + 4*z = c, 4*l = z + 199. Suppose -16*i + 4655 = 3*i. Calculate the greatest common divisor of i and l.
49
Let d be (196/110 + 16/(-88))*5. Suppose 0 = -d*y + y + 224. Suppose 0 = 3*s + 5*s - y. Calculate the greatest common divisor of s and 8.
4
Let d(u) be the first derivative of -71*u**2/2 + u + 21. Let y be d(3). Let t = -2 - y. Calculate the greatest common factor of t and 30.
30
Suppose 0 = -2*d + 2*b + 8, -d + 3*b = -3 - 1. Let s(h) = 9*h + 48. Let m be s(d). What is the highest common divisor of m and 24?
12
Let y be (-15928)/(-120) + (-1)/(-10) + (-3)/(-18). Calculate the greatest common divisor of y and 7847.
133
Let o = -3673 + 4986. Calculate the highest common factor of 104 and o.
13
Let k(g) = 105*g - 152. Let n be k(2). What is the highest common factor of 2842 and n?
58
Suppose 40 = -5*f, 10976 = w + 198*f - 194*f. Calculate the greatest common factor of 43 and w.
43
Suppose 0 = 5*v + 11 + 4. Let u be (3/v)/(9/(-27)). Calculate the greatest common factor of u and 3.
3
Suppose 173*v + 1729512 = 644*v. Calculate the greatest common factor of v and 1944.
216
Let v = -23 - -15. Let r = -6 - v. Let k(u) = -2*u**2 - 150*u - 2795. Let p be k(-35). What is the highest common factor of r and p?
1
Let s = 62 - 59. Suppose -6*a + a + 5*f = -15, -s = -a - f. Suppose -a*p + 22 + 11 = 0. Calculate the greatest common divisor of 11 and p.
11
Let k = 34 + -31. Suppose -l - k = 6. Let a(g) = -g**2 - 12*g + 5. Let j be a(l). What is the greatest common divisor of 4 and j?
4
Let x(v) = 87*v**2 - 15*v - 30. Let l(o) = o**2 + o + 2. Let k(p) = 4*l(p) + x(p). Let g be k(-2). What is the highest common factor of g and 28?
28
Suppose 171*i = 216*i - 93330. Calculate the greatest common factor of 136 and i.
34
Let n(h) = 2*h**2 + 4*h. Let c be n(-3). Let d(k) = -k**2 + 7*k + 11. Let s be d(8). Let y be 16/5 + s/(-15). What is the greatest common divisor of c and y?
3
Let d(n) = -n**3 - 30*n**2 + n + 22. Let j be d(-30). Let g be 4*(-3 - 40/j). What is the highest common factor of g and 4?
4
Suppose 0 = 2360*y - 2407*y + 2256. What is the highest common factor of y and 1024?
16
Let j(i) = -i**3 + 24*i**2 + 66*i - 160. Let c be j(26). Calculate the greatest common factor of c and 96.
12
Let u be ((-78)/(-24))/((-1)/(-1 + 9)). Let o be 58/(-377) - 472/u. What is the greatest common divisor of 24 and o?
6
Suppose v + 604 = 4*m, -2*m + 440 = -5*v + 138. Let f = m + -140. Calculate the highest common factor of f and 583.
11
Let v = 14 - 2. Let j(i) = 10*i + 80. Let g be j(9). Suppose g - 122 = 4*b. What is the highest common divisor of b and v?
12
Let f(i) = 135*i + 6369. Let v be f(-47). Calculate the highest common factor of 5832 and v.
24
Let c be (-5 - 11 - -5) + 1873. What is the highest common divisor of c and 98?
98
Let t = -143 + 162. Suppose 20*b - 12 = t*b. Calculate the highest common factor of 54 and b.
6
Suppose -237 = 4*n + 3. Let h be (45/36)/((-3)/n). Calculate the greatest common divisor of h and 5.
5
Let p = -352 + 9400. What is the highest common divisor of p and 520?
104
Let y(t) = 68*t**2 - 30. Let r be y(6). What is the greatest common factor of r and 156?
78
Let t(p) = 815*p**2 - 25*p - 24. Let u be t(-1). Calculate the highest common divisor of 96 and u.
48
Let j = 4136 - 3736. What is the greatest common factor of 16 and j?
16
Suppose 85*a = 143*a - 1044. Calculate the highest common factor of 558 and a.
18
Suppose -3589 = -4*k + n + 892, 4*n - 4496 = -4*k. What is the highest common factor of 114 and k?
19
Let y(n) = -4*n**3 + 45*n**2 - 2*n - 79. Let f be y(11). What is the greatest common divisor of f and 55?
5
Let n(c) = c**3 - 3*c**2 - 12*c - 1. Let b be n(6). Suppose 0 = -33*k + b*k + 488. Let q = 374 + k. Calculate the greatest common divisor of 52 and q.
26
Let x be 2 - 2 - (-11 - 2004). Calculate the highest common factor of x and 260.
65
Let l be (-5 + 20)/(-3) + 121. Suppose 0 = m + 7*w - 11*w - 48, -4*m - 3*w + l = 0. Cal